{"id":98,"date":"2025-05-18T13:03:17","date_gmt":"2025-05-18T13:03:17","guid":{"rendered":"https:\/\/vothaonhu.id.vn\/?post_type=product&#038;p=98"},"modified":"2025-06-06T08:16:46","modified_gmt":"2025-06-06T08:16:46","slug":"camera-ip-wifi-ezviz-h3c-2mp-dem-co-mau","status":"publish","type":"product","link":"https:\/\/vothaonhu.id.vn\/index.php\/product\/camera-ip-wifi-ezviz-h3c-2mp-dem-co-mau\/","title":{"rendered":"Camera IP Wifi Ezviz H3C 2MP C\u00f3 M\u00e0u, hi\u1ec7n chuy\u1ec3n \u0111\u1ed9ng"},"content":{"rendered":"<p><strong>Camera wifi Ezviz C3TN 1080<\/strong><strong>P\u00a0<\/strong>ch\u00ednh h\u00e3ng. S\u1ea3n ph\u1ea9m \u0111\u01b0\u1ee3c nh\u1eadp kh\u1ea9u ch\u00ednh h\u00e3ng m\u1edbi 100%.<\/p>\n<p><img loading=\"lazy\" decoding=\"async\" class=\"alignnone size-full wp-image-3312\" src=\"https:\/\/phuongnganphat.com\/wp-content\/uploads\/2022\/07\/c3tn-2mp-02.jpg\" sizes=\"auto, (max-width: 1107px) 100vw, 1107px\" srcset=\"https:\/\/phuongnganphat.com\/wp-content\/uploads\/2022\/07\/c3tn-2mp-02.jpg 1107w, https:\/\/phuongnganphat.com\/wp-content\/uploads\/2022\/07\/c3tn-2mp-02-780x400.jpg 780w, https:\/\/phuongnganphat.com\/wp-content\/uploads\/2022\/07\/c3tn-2mp-02-768x394.jpg 768w, https:\/\/phuongnganphat.com\/wp-content\/uploads\/2022\/07\/c3tn-2mp-02-24x12.jpg 24w, https:\/\/phuongnganphat.com\/wp-content\/uploads\/2022\/07\/c3tn-2mp-02-36x18.jpg 36w, https:\/\/phuongnganphat.com\/wp-content\/uploads\/2022\/07\/c3tn-2mp-02-48x25.jpg 48w, https:\/\/phuongnganphat.com\/wp-content\/uploads\/2022\/07\/c3tn-2mp-02-600x308.jpg 600w\" alt=\"\" width=\"1107\" height=\"568\" \/><\/p>\n<p><strong>EZVIZ C3N 1080P\u00a0<\/strong>c\u00f3 thi\u1ebft k\u1ebf ngo\u00e0i tr\u1eddi v\u1edbi ti\u00eau chu\u1ea9n IP 67 ch\u1ecbu \u0111\u01b0\u1ee3c nh\u1eefng \u0111i\u1ec1u ki\u1ec7n nhi\u1ec7t \u0111\u1ed9, m\u01b0a, n\u1eafng\u2026<\/p>\n<p><img loading=\"lazy\" decoding=\"async\" class=\"alignnone wp-image-3307 size-large\" src=\"https:\/\/phuongnganphat.com\/wp-content\/uploads\/2022\/07\/c3tn-1080p-co-mau-ban-dem-chong-nuoc-1280x800.jpg\" sizes=\"auto, (max-width: 1020px) 100vw, 1020px\" srcset=\"https:\/\/phuongnganphat.com\/wp-content\/uploads\/2022\/07\/c3tn-1080p-co-mau-ban-dem-chong-nuoc-1280x800.jpg 1280w, https:\/\/phuongnganphat.com\/wp-content\/uploads\/2022\/07\/c3tn-1080p-co-mau-ban-dem-chong-nuoc-640x400.jpg 640w, https:\/\/phuongnganphat.com\/wp-content\/uploads\/2022\/07\/c3tn-1080p-co-mau-ban-dem-chong-nuoc-768x480.jpg 768w, https:\/\/phuongnganphat.com\/wp-content\/uploads\/2022\/07\/c3tn-1080p-co-mau-ban-dem-chong-nuoc-1536x960.jpg 1536w, https:\/\/phuongnganphat.com\/wp-content\/uploads\/2022\/07\/c3tn-1080p-co-mau-ban-dem-chong-nuoc-24x15.jpg 24w, https:\/\/phuongnganphat.com\/wp-content\/uploads\/2022\/07\/c3tn-1080p-co-mau-ban-dem-chong-nuoc-36x23.jpg 36w, https:\/\/phuongnganphat.com\/wp-content\/uploads\/2022\/07\/c3tn-1080p-co-mau-ban-dem-chong-nuoc-48x30.jpg 48w, https:\/\/phuongnganphat.com\/wp-content\/uploads\/2022\/07\/c3tn-1080p-co-mau-ban-dem-chong-nuoc-600x375.jpg 600w, https:\/\/phuongnganphat.com\/wp-content\/uploads\/2022\/07\/c3tn-1080p-co-mau-ban-dem-chong-nuoc.jpg 1600w\" alt=\"\" width=\"1020\" height=\"638\" \/><\/p>\n<p><strong>C3TN<\/strong>\u00a0c\u00f3 ba ch\u1ebf \u0111\u1ed9 ghi h\u00ecnh ban \u0111\u00eam v\u00e0 kh\u1ea3 n\u0103ng ph\u00e1t hi\u1ec7n ng\u01b0\u1eddi s\u1eed d\u1ee5ng tr\u00ed tu\u1ec7 nh\u00e2n t\u1ea1o (AI), mang \u0111\u1ebfn kh\u1ea3 n\u0103ng gi\u00e1m s\u00e1t ban \u0111\u00eam s\u1eafc n\u00e9t v\u00e0 \u0111\u01b0a ra c\u1ea3nh b\u00e1o ch\u00ednh x\u00e1c. Gi\u1edd \u0111\u00e2y, b\u1ea1n \u0111\u00e3 c\u00f3 th\u1ec3 an t\u00e2m ng\u1ee7 ngon khi bi\u1ebft r\u1eb1ng m\u1ecdi th\u1ee9 \u0111\u1ec1u \u0111\u01b0\u1ee3c b\u1ea3o v\u1ec7.<\/p>\n<div id=\"cp-6f7a3b8c21674aef8ebec07af51e7b7f\" class=\"text-ele\">\n<p><strong>Ch\u1ee7 \u0111\u1ed9ng b\u1ea3o v\u1ec7.<\/strong><\/p>\n<\/div>\n<div id=\"cp-746afd2c3b36416f9e6f2cc06788fdd4\" class=\"text-ele\">\n<p>Sau khi ph\u00e1t hi\u1ec7n chuy\u1ec3n \u0111\u1ed9ng c\u1ee7a ng\u01b0\u1eddi,\u00a0<strong>camera C3N<\/strong>\u00a0c\u00f3 th\u1ec3 t\u1ef1 \u0111\u1ed9ng ph\u00e1t \u0111\u00e8n ch\u1edbp ho\u1eb7c b\u1ea1n c\u00f3 th\u1ec3 c\u00e0i \u0111\u1eb7t th\u1ee7 c\u00f4ng \u0111\u1ec3 hai \u0111\u00e8n r\u1ecdi s\u00e1ng ch\u1edbp li\u00ean t\u1ee5c nh\u1eb1m ng\u0103n c\u1ea3n \u201cnh\u1eefng k\u1ebb kh\u00f4ng m\u1eddi m\u00e0 t\u1edbi\u201d.<\/p>\n<p>\u0110\u1ed3ng th\u1eddi b\u1ea1n s\u1ebd nh\u1eadn \u0111\u01b0\u1ee3c c\u1ea3nh b\u00e1o tr\u00ean \u1ee9ng d\u1ee5ng Ezviz c\u00e0i tr\u00ean smartphone.<\/p>\n<p><img loading=\"lazy\" decoding=\"async\" class=\"wp-image-3317 size-full aligncenter\" src=\"https:\/\/phuongnganphat.com\/wp-content\/uploads\/2022\/07\/camera-ezviz-c3tn-1080p-8.jpg\" sizes=\"auto, (max-width: 800px) 100vw, 800px\" srcset=\"https:\/\/phuongnganphat.com\/wp-content\/uploads\/2022\/07\/camera-ezviz-c3tn-1080p-8.jpg 800w, https:\/\/phuongnganphat.com\/wp-content\/uploads\/2022\/07\/camera-ezviz-c3tn-1080p-8-794x400.jpg 794w, https:\/\/phuongnganphat.com\/wp-content\/uploads\/2022\/07\/camera-ezviz-c3tn-1080p-8-768x387.jpg 768w, https:\/\/phuongnganphat.com\/wp-content\/uploads\/2022\/07\/camera-ezviz-c3tn-1080p-8-24x12.jpg 24w, https:\/\/phuongnganphat.com\/wp-content\/uploads\/2022\/07\/camera-ezviz-c3tn-1080p-8-36x18.jpg 36w, https:\/\/phuongnganphat.com\/wp-content\/uploads\/2022\/07\/camera-ezviz-c3tn-1080p-8-48x24.jpg 48w, https:\/\/phuongnganphat.com\/wp-content\/uploads\/2022\/07\/camera-ezviz-c3tn-1080p-8-600x302.jpg 600w\" alt=\"\" width=\"800\" height=\"403\" \/><\/p>\n<\/div>\n<div id=\"cp-5fe211f73e36488797ad830e20b64557\" class=\"text-ele\">\n<ul>\n<li>Khi b\u1eadt ch\u1ebf \u0111\u1ed9 ghi h\u00ecnh m\u00e0u v\u00e0o ban \u0111\u00eam, \u0111\u00e8n r\u1ecdi s\u1ebd li\u00ean t\u1ee5c \u0111\u01b0\u1ee3c b\u1eadt v\u00e0 kh\u00f4ng ch\u1edbp \u0111\u00e8n.<\/li>\n<\/ul>\n<p>&nbsp;<\/p>\n<p><strong>Micr\u00f4 l\u1ecdc \u1ed3n<\/strong>\u00a0t\u00edch h\u1ee3p ghi \u00e2m l\u1ea1i \u00e2m thanh r\u00f5 r\u00e0ng t\u1edbi 5 m\u00e9t (16,4 ft.). Gi\u1edd \u0111\u00e2y, b\u1ea1n c\u00f3 th\u1ec3 xem v\u00e0 nghe nh\u1eefng \u0111i\u1ec1u \u0111ang x\u1ea3y ra \u1edf s\u00e2n sau nh\u00e0 b\u1ea1n b\u1ea5t k\u1ec3 b\u1ea1n \u0111ang \u1edf \u0111\u00e2u.<\/p>\n<p><img loading=\"lazy\" decoding=\"async\" class=\"alignnone wp-image-3308 size-large\" src=\"https:\/\/phuongnganphat.com\/wp-content\/uploads\/2022\/07\/c3tn-mic-1280x800.jpg\" sizes=\"auto, (max-width: 1020px) 100vw, 1020px\" srcset=\"https:\/\/phuongnganphat.com\/wp-content\/uploads\/2022\/07\/c3tn-mic-1280x800.jpg 1280w, https:\/\/phuongnganphat.com\/wp-content\/uploads\/2022\/07\/c3tn-mic-640x400.jpg 640w, https:\/\/phuongnganphat.com\/wp-content\/uploads\/2022\/07\/c3tn-mic-768x480.jpg 768w, https:\/\/phuongnganphat.com\/wp-content\/uploads\/2022\/07\/c3tn-mic-1536x960.jpg 1536w, https:\/\/phuongnganphat.com\/wp-content\/uploads\/2022\/07\/c3tn-mic-24x15.jpg 24w, https:\/\/phuongnganphat.com\/wp-content\/uploads\/2022\/07\/c3tn-mic-36x23.jpg 36w, https:\/\/phuongnganphat.com\/wp-content\/uploads\/2022\/07\/c3tn-mic-48x30.jpg 48w, https:\/\/phuongnganphat.com\/wp-content\/uploads\/2022\/07\/c3tn-mic-600x375.jpg 600w, https:\/\/phuongnganphat.com\/wp-content\/uploads\/2022\/07\/c3tn-mic.jpg 1600w\" alt=\"\" width=\"1020\" height=\"638\" \/><\/p>\n<\/div>\n<p>V\u1edbi \u1ed1ng k\u00ednh r\u1ed9ng g\u00f3c 100 \u0111\u1ed9 ch\u00e9o gi\u00fap b\u1ea1n quan s\u00e1t to\u00e0n c\u1ea3nh k\u1ebft h\u1ee3p c\u1ea5u t\u1ea1o tr\u1ee5c quay gi\u00fap d\u1ec5 d\u00e0ng l\u1eafp \u0111\u1eb7t.<\/p>\n<p><strong>B\u1ed9 Camera C3TN 2MP g\u1ed3m:<\/strong><\/p>\n<ul>\n<li>1 Camera Ezviz 2MP<\/li>\n<li>1 B\u1ed9 \u1ed1c v\u00edt, h\u1ed9p nh\u1ef1a g\u1eafn camera<\/li>\n<li>1 Adapter<\/li>\n<li>1 quy\u1ec3n s\u1ed5 h\u01b0\u1edbng d\u1eabn<\/li>\n<li>1 Cu\u1ed1n th\u00f4ng tin quy \u0111\u1ecbnh<\/li>\n<\/ul>\n<p><strong>H\u01b0\u1edbng d\u1eabn t\u1ea3i \u1ee9ng d\u1ee5ng v\u00e0 c\u00e0i \u0111\u1eb7t camera Ezviz<\/strong><\/p>\n<p><strong>B\u01b0\u1edbc 1 :\u00a0<\/strong>T\u1ea3i \u1ee9ng d\u1ee5ng\u00a0\u00a0<img loading=\"lazy\" decoding=\"async\" class=\"wp-image-3152 alignnone\" src=\"https:\/\/phuongnganphat.com\/wp-content\/uploads\/2021\/06\/LOGO-EZVIZ.png\" sizes=\"auto, (max-width: 104px) 100vw, 104px\" srcset=\"https:\/\/phuongnganphat.com\/wp-content\/uploads\/2021\/06\/LOGO-EZVIZ.png 200w, https:\/\/phuongnganphat.com\/wp-content\/uploads\/2021\/06\/LOGO-EZVIZ-24x8.png 24w, https:\/\/phuongnganphat.com\/wp-content\/uploads\/2021\/06\/LOGO-EZVIZ-36x12.png 36w, https:\/\/phuongnganphat.com\/wp-content\/uploads\/2021\/06\/LOGO-EZVIZ-48x16.png 48w\" alt=\"\" width=\"104\" height=\"35\" \/>\u00a0 tr\u00ean\u00a0<strong>Android<\/strong>\u00a0ho\u1eb7c\u00a0<strong>IOS<\/strong><\/p>\n<p><strong>B\u01b0\u1edbc 2 :\u00a0<\/strong>M\u1edf App v\u00e0 \u0111\u0103ng k\u00fd t\u00e0i kho\u1ea3n b\u1eb1ng s\u1ed1 \u0111i\u1ec7n tho\u1ea1i<\/p>\n<p>+ B\u1ea5m \u0110\u0103ng K\u00fd &gt; Ch\u1ecdn \u0110\u0103ng k\u00fd b\u1eb1ng s\u1ed1 \u0111i\u1ec7n tho\u1ea1i di \u0111\u1ed9ng &gt; Ch\u1ecdn V\u00f9ng: Vi\u1ec7t Nam (+84) &gt; Nh\u1eadp s\u1ed1 \u0111i\u1ec7n tho\u1ea1i (b\u1ecf s\u1ed1 0 \u0111\u1ea7u) &gt; T\u1ea1o M\u1eadt kh\u1ea9u<\/p>\n<p><strong>B\u01b0\u1edbc 3 : Qu\u00e9t m\u00e3 QR tr\u00ean thi\u1ebft b\u1ecb,\u00a0<\/strong>l\u00e0m theo h\u01b0\u1edbng d\u1eabn &gt; K\u1ebft n\u1ed1i WiFi cho thi\u1ebft b\u1ecb v\u00e0 \u0111\u1ee3i cho \u0111\u1ebfn khi c\u1ea5u h\u00ecnh ho\u00e0n t\u1ea5t.<\/p>\n<p><strong>B\u01b0\u1edbc 4 :\u00a0<\/strong>Kh\u1edfi t\u1ea1o th\u1ebb nh\u1edb.<\/p>\n<p>Camera Ezviz CS-C3TN 3MP \u0111\u00e3 l\u00ean h\u00ecnh th\u00e0nh c\u00f4ng &gt; Ti\u1ebfn h\u00e0nh ch\u1ec9nh g\u00f3c quay h\u1ee3p l\u00fd l\u00e0 ho\u00e0n t\u1ea5t.<\/p>\n","protected":false},"excerpt":{"rendered":"<div class=\"single_bao-hanh\">B\u1ea3o h\u00e0nh:\u00a0<strong>12 Th\u00e1ng<\/strong><\/div>\n","protected":false},"featured_media":99,"comment_status":"open","ping_status":"closed","template":"","meta":[],"product_brand":[],"product_cat":[20],"product_tag":[],"class_list":{"0":"post-98","1":"product","2":"type-product","3":"status-publish","4":"has-post-thumbnail","6":"product_cat-camera-quan-sat","8":"first","9":"instock","10":"taxable","11":"shipping-taxable","12":"purchasable","13":"product-type-simple"},"_links":{"self":[{"href":"https:\/\/vothaonhu.id.vn\/index.php\/wp-json\/wp\/v2\/product\/98","targetHints":{"allow":["GET"]}}],"collection":[{"href":"https:\/\/vothaonhu.id.vn\/index.php\/wp-json\/wp\/v2\/product"}],"about":[{"href":"https:\/\/vothaonhu.id.vn\/index.php\/wp-json\/wp\/v2\/types\/product"}],"replies":[{"embeddable":true,"href":"https:\/\/vothaonhu.id.vn\/index.php\/wp-json\/wp\/v2\/comments?post=98"}],"wp:featuredmedia":[{"embeddable":true,"href":"https:\/\/vothaonhu.id.vn\/index.php\/wp-json\/wp\/v2\/media\/99"}],"wp:attachment":[{"href":"https:\/\/vothaonhu.id.vn\/index.php\/wp-json\/wp\/v2\/media?parent=98"}],"wp:term":[{"taxonomy":"product_brand","embeddable":true,"href":"https:\/\/vothaonhu.id.vn\/index.php\/wp-json\/wp\/v2\/product_brand?post=98"},{"taxonomy":"product_cat","embeddable":true,"href":"https:\/\/vothaonhu.id.vn\/index.php\/wp-json\/wp\/v2\/product_cat?post=98"},{"taxonomy":"product_tag","embeddable":true,"href":"https:\/\/vothaonhu.id.vn\/index.php\/wp-json\/wp\/v2\/product_tag?post=98"}],"curies":[{"name":"wp","href":"https:\/\/api.w.org\/{rel}","templated":true}]}}