{"id":480,"date":"2025-05-29T09:01:56","date_gmt":"2025-05-29T09:01:56","guid":{"rendered":"https:\/\/vothaonhu.id.vn\/?post_type=product&#038;p=480"},"modified":"2025-06-10T12:49:26","modified_gmt":"2025-06-10T12:49:26","slug":"muc-in-phun-hp-gt53-90ml-den-1vv22aa-danh-cho-hp-ink-tank-115-315-415-smart-tank-580-210-va-520","status":"publish","type":"product","link":"https:\/\/vothaonhu.id.vn\/index.php\/product\/muc-in-phun-hp-gt53-90ml-den-1vv22aa-danh-cho-hp-ink-tank-115-315-415-smart-tank-580-210-va-520\/","title":{"rendered":"M\u1ef1c in phun HP GT53 90ml \u0110en 1VV22AA"},"content":{"rendered":"<h3>M\u1ef1c in phun HP GT53 s\u1eed d\u1ee5ng cho c\u00e1c m\u00e1y in m\u00e0u ch\u00ednh h\u00e3ng HP<\/h3>\n<p>T\u01b0\u01a1ng th\u00edch v\u1edbi c\u00e1c m\u1eabu m\u00e1y in HP nh\u01b0\u00a0<a href=\"https:\/\/www.thegioididong.com\/may-in\/may-in-phun-mau-hp-ink-tank-115-2lb19a\" target=\"_blank\" title=\"M\u00e1y in HP Ink Tank 115 \u0111ang kinh doanh t\u1ea1i thegioididong.com\" rel=\"noopener\">HP Ink Tank 115<\/a>,\u00a0<a href=\"https:\/\/www.thegioididong.com\/may-in\/may-in-phun-mau-hp-da-nang-in-scan-copy-ink-tank-3\" target=\"_blank\" title=\"M\u00e1y in HP Ink Tank 315 \u0111ang kinh doanh t\u1ea1i thegioididong.com\" rel=\"noopener\">HP Ink Tank 315<\/a>,\u00a0<a href=\"https:\/\/www.thegioididong.com\/may-in\/may-in-phun-mau-da-nang-in-scan-copy-hp-ink-tank-4\" target=\"_blank\" title=\"M\u00e1y in HP Ink T\u1ea1n 415 \u0111ang kinh doanh t\u1ea1i thegiodidong.com\" rel=\"noopener\">HP Ink Tank 415<\/a>,<span>\u00a0<\/span><a href=\"https:\/\/www.thegioididong.com\/may-in\/hp-smart-tank-580-wifi-1f3y2a\" target=\"_blank\" title=\"Tham kh\u1ea3o M\u00e1y in phun m\u00e0u \u0111a n\u0103ng HP Smart Tank 580 Wifi (1F3Y2A) t\u1ea1i thegioididong.com\" rel=\"noopener\">HP Smart Tank 580<\/a>,\u00a0Smart Tank 210 v\u00e0 Smart Tank 520.<\/p>\n<p><a class=\"preventdefault\" href=\"https:\/\/cdn.tgdd.vn\/Products\/Images\/1262\/243862\/phun-hp-gt53-90ml-den-1vv22aa1.jpg\" onclick=\"return false;\" target=\"_blank\" rel=\"noopener\"><img decoding=\"async\" alt=\"D\u00f9ng cho m\u00e1y in HP ch\u00ednh h\u00e3ng - HP GT53 90ml \u0110en Original Ink Bottle_1VV22AA\" data-src=\"https:\/\/cdn.tgdd.vn\/Products\/Images\/1262\/243862\/phun-hp-gt53-90ml-den-1vv22aa1.jpg\" class=\" lazyloaded\" title=\"D\u00f9ng cho m\u00e1y in HP ch\u00ednh h\u00e3ng - HP GT53 90ml \u0110en Original Ink Bottle_1VV22AA\" src=\"https:\/\/cdn.tgdd.vn\/Products\/Images\/1262\/243862\/phun-hp-gt53-90ml-den-1vv22aa1.jpg\" \/><\/a><\/p>\n<h3>L\u1ecd<span>\u00a0<\/span><a href=\"https:\/\/www.thegioididong.com\/muc-in\" target=\"_blank\" title=\"Xem th\u00eam c\u00e1c s\u1ea3n ph\u1ea9m m\u1ef1c in ch\u00ednh h\u00e3ng \u0111ang kinh doanh t\u1ea1i Th\u1ebf Gi\u1edbi Di \u0110\u1ed9ng\" rel=\"noopener\">m\u1ef1c in<\/a>\u00a0dung t\u00edch 90 ml s\u1eed d\u1ee5ng \u0111\u01b0\u1ee3c cho in 4000 trang in v\u1edbi \u0111\u1ed9 ph\u1ee7 m\u00e0u 5%<\/h3>\n<p>M\u1ef1c in phun HP GT53 90ml \u0110en Original Ink Bottle_1VV22AA cho hi\u1ec7u su\u1ea5t s\u1eed d\u1ee5ng cao, ch\u1ea5t l\u01b0\u1ee3ng b\u1ea3n in v\u1edbi m\u00e0u s\u1eafc \u0111\u1eb9p, kh\u00f4ng lem m\u00e0u v\u00e0 b\u1ea3o v\u1ec7 t\u1ed1t \u0111\u1ed9 b\u1ec1n<span>\u00a0<\/span><a href=\"https:\/\/www.thegioididong.com\/may-in\" target=\"_blank\" title=\"Xem th\u00eam c\u00e1c m\u1eabu m\u00e1y in kh\u00e1c t\u1ea1i thegioididong.com\" rel=\"noopener\">m\u00e1y in<\/a>.<\/p>\n<p><a class=\"preventdefault\" href=\"https:\/\/cdn.tgdd.vn\/Products\/Images\/1262\/243862\/phun-hp-gt53-90ml-den-1vv22aa2.jpg\" onclick=\"return false;\" target=\"_blank\" rel=\"noopener\"><img decoding=\"async\" alt=\"Hi\u1ec7u su\u1ea5t cao - HP GT53 90ml \u0110en Original Ink Bottle_1VV22AA\" data-src=\"https:\/\/cdn.tgdd.vn\/Products\/Images\/1262\/243862\/phun-hp-gt53-90ml-den-1vv22aa2.jpg\" class=\" lazyloaded\" title=\"Hi\u1ec7u su\u1ea5t cao - HP GT53 90ml \u0110en Original Ink Bottle_1VV22AA\" src=\"https:\/\/cdn.tgdd.vn\/Products\/Images\/1262\/243862\/phun-hp-gt53-90ml-den-1vv22aa2.jpg\" \/><\/a><\/p>\n<h3>C\u00e1ch t\u1ef1 n\u1ea1p m\u1ef1c cho\u00a0<a href=\"https:\/\/www.dienmayxanh.com\/may-in-hp?g=in-phun-mau\" target=\"_blank\" title=\"Xem th\u00eam m\u00e1y in phun m\u00e0u HP \u0111ang kinh doanh t\u1ea1i \u0110i\u1ec7n m\u00e1y XANH\" rel=\"noopener\">m\u00e1<\/a><a href=\"https:\/\/www.thegioididong.com\/may-in-hp?g=in-phun-mau\" target=\"_blank\" title=\"Xem th\u00eam c\u00e1c s\u1ea3n ph\u1ea9m m\u00e1y in Phun m\u00e0u HP t\u1ea1i thegioididong.com\" rel=\"noopener\">y in phun m\u00e0u HP<\/a><\/h3>\n<p>B\u01b0\u1edbc 1: M\u1edf h\u1ed9p\/bao b\u00ec b\u00ecnh m\u1ef1c m\u1edbi, l\u1eafc nh\u1eb9 cho \u0111\u1ec1u m\u1ef1c trong b\u00ecnh.<\/p>\n<p>B\u01b0\u1edbc 2: T\u1eaft ngu\u1ed3n m\u00e1y in tr\u01b0\u1edbc khi m\u1edf n\u1eafp khay m\u1ef1c v\u00e0 ch\u00e2m m\u1ef1c.<\/p>\n<p>B\u01b0\u1edbc 3: M\u1edf n\u00fat ch\u1eb7n t\u1ea1i \u00f4 m\u1ef1c c\u00f3 k\u00fd hi\u1ec7u ch\u1eef<span>\u00a0<\/span><strong>K (m\u00e0u \u0111en)<\/strong><span>\u00a0<\/span>v\u00e0 g\u1eafn b\u00ecnh m\u1ef1c in phun\u00a0<strong>HP GT53 \u0110en<\/strong><span>\u00a0<\/span>v\u00e0o, gi\u1eef \u1edf th\u1ebf th\u1eb3ng \u0111\u1ee9ng \u0111\u1ec3 m\u1ef1c t\u1ef1 \u0111\u1ed9ng ch\u1ea3y xu\u1ed1ng khay ch\u1ee9a.<\/p>\n<p>B\u01b0\u1edbc 4: Quan s\u00e1t \u0111\u1ec3 b\u01a1m l\u01b0\u1ee3ng m\u1ef1c in v\u1eeba \u0111\u1ee7 v\u1edbi v\u1ea1ch m\u1ee9c gi\u1edbi h\u1ea1n c\u1ee7a \u00f4 m\u1ef1c, tr\u00e1nh b\u01a1m qu\u00e1 \u0111\u1ea7y.<\/p>\n<p>B\u01b0\u1edbc 5: \u0110\u1eady n\u1eafp b\u00ecnh, \u0111\u00f3ng n\u1eafp khay m\u1ef1c v\u00e0 c\u00f3 th\u1ec3 ti\u1ebfp t\u1ee5c s\u1eed d\u1ee5ng<span>\u00a0<\/span><a href=\"https:\/\/www.thegioididong.com\/may-in-hp\" target=\"_blank\" title=\"Xem th\u00eam m\u00e1y in HP t\u1ea1i Th\u1ebf Gi\u1edbi Di \u0110\u1ed9ng\" rel=\"noopener\">m\u00e1y in HP<\/a>.<\/p>\n<p><a class=\"preventdefault\" href=\"https:\/\/cdn.tgdd.vn\/Products\/Images\/1262\/243862\/phun-hp-gt53-90ml-den-1vv22aa3.jpg\" onclick=\"return false;\" target=\"_blank\" rel=\"noopener\"><img decoding=\"async\" alt=\"D\u00f9ng \u0111\u01a1n gi\u1ea3n - HP GT53 90ml \u0110en Original Ink Bottle_1VV22AA\" data-src=\"https:\/\/cdn.tgdd.vn\/Products\/Images\/1262\/243862\/phun-hp-gt53-90ml-den-1vv22aa3.jpg\" class=\" lazyloaded\" title=\"D\u00f9ng \u0111\u01a1n gi\u1ea3n - HP GT53 90ml \u0110en Original Ink Bottle_1VV22AA\" src=\"https:\/\/cdn.tgdd.vn\/Products\/Images\/1262\/243862\/phun-hp-gt53-90ml-den-1vv22aa3.jpg\" \/><\/a><\/p>\n<p>D\u00f9ng<span>\u00a0<\/span><a href=\"https:\/\/www.thegioididong.com\/muc-in\/phun-hp-gt53-90ml-den-1vv22aa\" target=\"_blank\" title=\"m\u1ef1c in phun HP GT53 90ml \u0110en Original Ink Bottle_1VV22AA\" rel=\"noopener\">m\u1ef1c in phun HP GT53 90ml \u0110en Original Ink Bottle_1VV22AA<\/a><span>\u00a0<\/span>cho m\u00e1y in ch\u00ednh h\u00e3ng HP \u0111\u1ec3 c\u00f3 ch\u1ea5t l\u01b0\u1ee3ng b\u1ea3n in t\u1ed1t nh\u1ea5t v\u00e0 \u0111\u1ea3m b\u1ea3o b\u1ea3o v\u1ec7 hi\u1ec7u qu\u1ea3 \u0111\u1ed9 b\u1ec1n c\u1ee7a m\u00e1y.<\/p>\n","protected":false},"excerpt":{"rendered":"<p>\u0110\u1ed5i tr\u1ea3:<strong> 7 ng\u00e0y<\/strong><\/p>\n","protected":false},"featured_media":481,"comment_status":"open","ping_status":"closed","template":"","meta":[],"product_brand":[],"product_cat":[27],"product_tag":[],"class_list":{"0":"post-480","1":"product","2":"type-product","3":"status-publish","4":"has-post-thumbnail","6":"product_cat-muc-in","8":"first","9":"instock","10":"taxable","11":"shipping-taxable","12":"purchasable","13":"product-type-simple"},"_links":{"self":[{"href":"https:\/\/vothaonhu.id.vn\/index.php\/wp-json\/wp\/v2\/product\/480","targetHints":{"allow":["GET"]}}],"collection":[{"href":"https:\/\/vothaonhu.id.vn\/index.php\/wp-json\/wp\/v2\/product"}],"about":[{"href":"https:\/\/vothaonhu.id.vn\/index.php\/wp-json\/wp\/v2\/types\/product"}],"replies":[{"embeddable":true,"href":"https:\/\/vothaonhu.id.vn\/index.php\/wp-json\/wp\/v2\/comments?post=480"}],"wp:featuredmedia":[{"embeddable":true,"href":"https:\/\/vothaonhu.id.vn\/index.php\/wp-json\/wp\/v2\/media\/481"}],"wp:attachment":[{"href":"https:\/\/vothaonhu.id.vn\/index.php\/wp-json\/wp\/v2\/media?parent=480"}],"wp:term":[{"taxonomy":"product_brand","embeddable":true,"href":"https:\/\/vothaonhu.id.vn\/index.php\/wp-json\/wp\/v2\/product_brand?post=480"},{"taxonomy":"product_cat","embeddable":true,"href":"https:\/\/vothaonhu.id.vn\/index.php\/wp-json\/wp\/v2\/product_cat?post=480"},{"taxonomy":"product_tag","embeddable":true,"href":"https:\/\/vothaonhu.id.vn\/index.php\/wp-json\/wp\/v2\/product_tag?post=480"}],"curies":[{"name":"wp","href":"https:\/\/api.w.org\/{rel}","templated":true}]}}